{"id":288,"date":"2024-02-18T11:51:20","date_gmt":"2024-02-18T10:51:20","guid":{"rendered":"http:\/\/zellem.art\/?page_id=288"},"modified":"2024-02-20T14:41:13","modified_gmt":"2024-02-20T13:41:13","slug":"vision","status":"publish","type":"page","link":"https:\/\/zellem.art\/index.php\/vision\/","title":{"rendered":"Vision"},"content":{"rendered":"\n<div class=\"wp-block-columns is-layout-flex wp-container-core-columns-is-layout-9d6595d7 wp-block-columns-is-layout-flex\">\n<div class=\"wp-block-column is-layout-flow wp-block-column-is-layout-flow\">\n<figure class=\"wp-block-image size-large\"><img loading=\"lazy\" decoding=\"async\" width=\"759\" height=\"1024\" src=\"http:\/\/zellem.art\/wp-content\/uploads\/2024\/02\/IMG_6205-scaled-e1708253337840-759x1024.jpg\" alt=\"\" class=\"wp-image-290\" srcset=\"https:\/\/zellem.art\/wp-content\/uploads\/2024\/02\/IMG_6205-scaled-e1708253337840-759x1024.jpg 759w, https:\/\/zellem.art\/wp-content\/uploads\/2024\/02\/IMG_6205-scaled-e1708253337840-222x300.jpg 222w, https:\/\/zellem.art\/wp-content\/uploads\/2024\/02\/IMG_6205-scaled-e1708253337840-768x1036.jpg 768w, https:\/\/zellem.art\/wp-content\/uploads\/2024\/02\/IMG_6205-scaled-e1708253337840-1138x1536.jpg 1138w, https:\/\/zellem.art\/wp-content\/uploads\/2024\/02\/IMG_6205-scaled-e1708253337840-1518x2048.jpg 1518w, https:\/\/zellem.art\/wp-content\/uploads\/2024\/02\/IMG_6205-scaled-e1708253337840.jpg 1638w\" sizes=\"auto, (max-width: 759px) 100vw, 759px\" \/><\/figure>\n\n\n\n<p class=\"has-text-align-center has-black-background-color has-text-color has-background has-link-color wp-elements-27ce8d6528173bd55aaf775239f5f997\" style=\"color:#fdfdfd\"><em>Technique : Acrylique sur toile<br>Dimensions : 92 x 73 cm<\/em><\/p>\n<\/div>\n\n\n\n<div class=\"wp-block-column is-layout-flow wp-block-column-is-layout-flow\">\n<p style=\"font-style:normal;font-weight:600\">VISION<\/p>\n\n\n\n<p>Full Power<\/p>\n\n\n\n<p>Toujours le m\u00eame sujet dans mes peintures.<br>La femme, puissante, rayonnante, son corps, sa volupt\u00e9, sa gr\u00e2ce&#8230;<\/p>\n\n\n\n<p>Zellem<\/p>\n<\/div>\n<\/div>\n","protected":false},"excerpt":{"rendered":"<p>Technique : Acrylique sur toileDimensions : 92 x 73 cm VISION Full Power Toujours le m\u00eame sujet dans mes peintures.La femme, puissante, rayonnante, son corps, sa volupt\u00e9, sa gr\u00e2ce&#8230; Zellem<\/p>\n","protected":false},"author":1,"featured_media":0,"parent":0,"menu_order":0,"comment_status":"closed","ping_status":"closed","template":"","meta":{"footnotes":""},"class_list":["post-288","page","type-page","status-publish","hentry"],"_links":{"self":[{"href":"https:\/\/zellem.art\/index.php\/wp-json\/wp\/v2\/pages\/288","targetHints":{"allow":["GET"]}}],"collection":[{"href":"https:\/\/zellem.art\/index.php\/wp-json\/wp\/v2\/pages"}],"about":[{"href":"https:\/\/zellem.art\/index.php\/wp-json\/wp\/v2\/types\/page"}],"author":[{"embeddable":true,"href":"https:\/\/zellem.art\/index.php\/wp-json\/wp\/v2\/users\/1"}],"replies":[{"embeddable":true,"href":"https:\/\/zellem.art\/index.php\/wp-json\/wp\/v2\/comments?post=288"}],"version-history":[{"count":3,"href":"https:\/\/zellem.art\/index.php\/wp-json\/wp\/v2\/pages\/288\/revisions"}],"predecessor-version":[{"id":344,"href":"https:\/\/zellem.art\/index.php\/wp-json\/wp\/v2\/pages\/288\/revisions\/344"}],"wp:attachment":[{"href":"https:\/\/zellem.art\/index.php\/wp-json\/wp\/v2\/media?parent=288"}],"curies":[{"name":"wp","href":"https:\/\/api.w.org\/{rel}","templated":true}]}}